-2 + 5. Suppose g*l - 10 - 35 = 0. Let m = l + -11. List the prime factors of m.
2
Let v(g) = -g**3 - 5*g**2 - g. Let l be v(-5). Suppose -s - 14 = 4*w, 5*s + 7*w = 2*w + l. List the prime factors of s.
2, 3
List the prime factors of (1/(3/(-27)))/((-2)/32).
2, 3
Let p be ((-50)/(-40))/(2/24). Suppose -2*m = -m. Suppose 3*r - p = -2*d + d, m = 4*d - r - 47. What are the prime factors of d?
2, 3
List the prime factors of -2 - (-21 + -2 + -3).
2, 3
Let g(r) = r**2 + 6*r + 7. Let n be g(-5). Let d(i) = i**2 + 2*i - 1. Let l be d(-3). Suppose -n*o = -12 + l. List the prime factors of o.
5
Suppose 0 = -u + 2 - 0. What are the prime factors of u/(-5) + (-204)/(-10)?
2, 5
Let l(c) = -2*c + 17. List the prime factors of l(4).
3
Let m(h) = -10*h - 7. Let p(f) = -19*f - 13. Let t(b) = -11*m(b) + 6*p(b). What are the prime factors of t(-5)?
19
Let m = 36 + 45. What are the prime factors of m?
3
Let h be (-3)/(-4)*4 + 1. Suppose -h*m - 17 = -5*m. What are the prime factors of m?
17
Suppose 3*k + 91 = 5*o + 7*k, o - 19 = -k. What are the prime factors of o?
3, 5
Suppose 7*u - 318 = 4. List the prime factors of u.
2, 23
Let w(d) = -d**2 + d + 7. List the prime factors of w(0).
7
Suppose -r = -2*r. Suppose -4*m = 2*t - 18, 0 = 2*t - r*t + 2. Suppose m*v + 3 - 58 = 0. List the prime factors of v.
11
Let a(p) = 19*p**2 + p - 1. Let r = -17 + 18. What are the prime factors of a(r)?
19
Suppose 0 = -2*r + 8, 0 = -0*m + 3*m + r - 28. Suppose -6 = n - 2*u, -m*n = -3*n - u + 3. Suppose -2*a + n = -12. List the prime factors of a.
2, 3
Let a(i) = 3*i**2 - 6*i - 1. List the prime factors of a(6).
71
Let r = -167 - -372. What are the prime factors of r?
5, 41
Let j = -94 + 162. List the prime factors of j.
2, 17
Let n = 25 + -18. Suppose 3*u - 5*v + 24 = n*u, -3*u = v - 29. What are the prime factors of u?
11
Let i(b) = -b - 1. Let h be i(6). Let u = 2 - h. List the prime factors of u.
3
Suppose -4 = 8*y - 588. List the prime factors of y.
73
Let t(i) = -105*i - 19. What are the prime factors of t(-3)?
2, 37
Let v(n) = -10*n + 3*n**2 + n**3 + n**2 + 4*n. Let s be v(-5). Suppose s*k + 3*c - 40 = 0, 3*k - 28 = 4*c + 25. What are the prime factors of k?
11
Let t be (2/3)/((-2)/(-249)). Suppose -t = -5*k + 12. List the prime factors of k.
19
Let z = -52 + 432. List the prime factors of z.
2, 5, 19
Let v be 6*((-9)/6 - -2). Suppose 0 = 2*j + 5*s + 59, 0*s - 13 = j - v*s. What are the prime factors of j/(-10) - 2/10?
2
Suppose 0 = y + 3*y - 4. Let r(z) = z**2 + 6*z + 8. Let b be r(-6). Let w = b - y. List the prime factors of w.
7
Let h(o) = -6*o**3 - 4*o**2 + o + 2. What are the prime factors of h(-3)?
5
Suppose -3*z + 4*t = -65, t - 3*t = -2. List the prime factors of z.
23
Suppose -5*g + 4*s + 20 = 0, -g - 2*s + 15 = -5*s. Suppose v - 5*v = g. Suppose v = 2*c + 2*c - 4, 13 = 2*f - 5*c. List the prime factors of f.
3
Suppose 17*q - 120 = 12*q. List the prime factors of q.
2, 3
Let a be (-1)/(-6) - 5/(-6). Suppose x + 3*u = -a, u - 23 = -6*x + x. List the prime factors of x.
5
Suppose -4*j + 0*j - 88 = 0. Let c = -17 - j. What are the prime factors of c?
5
Suppose -5*v + 2 = 12. List the prime factors of v/(-6) - (-96)/9.
11
Let t(q) = -q + 1. Let n be 4 - 3/(-6)*2. Suppose -6*x + x - n = 0. What are the prime factors of t(x)?
2
Let k = -233 - -358. List the prime factors of k.
5
Suppose 3*b + 238 = -k + 5*k, 0 = -2*k + b + 118. List the prime factors of k.
2, 29
Let c = 2 - 0. Let t be (1*c)/(14/161). Suppose -2*l = 1 - t. What are the prime factors of l?
11
Let z be (2 + 1 + 1)/1. Let j = 2 + z. What are the prime factors of j?
2, 3
Let j(t) = -2*t**3 - 2*t**2 - 2*t - 2. Let w(r) = r**3 - 4*r**2 + 3*r. Let x be w(2). List the prime factors of j(x).
2, 5
Let u(m) = -m**2 + m + 90. List the prime factors of u(0).
2, 3, 5
Let n = 9 - 9. Suppose 100 = -n*f + 5*f. What are the prime factors of f?
2, 5
Let h be 25/(-3) + (-2)/(-6). Let x = 10 + -8. List the prime factors of x/h + (-185)/(-20).
3
Suppose 0 = -5*u - j + 48 + 18, 0 = -2*u - j + 24. Let a = u - 0. List the prime factors of a.
2, 7
Let t be (-4)/(-6)*12/(-1). Let w = 9 - t. List the prime factors of w.
17
Let z(g) = g**3 - 9*g**2 + 9*g + 2. What are the prime factors of z(9)?
83
Let q(o) = o + 13. Let l be q(-8). Suppose -3*m + 76 = -5*n, -m - l*n + 2*n + 16 = 0. List the prime factors of (-4)/20 + m/10.
2
Let o(s) = 5*s**2 + 9*s + 11. List the prime factors of o(-5).
7, 13
Suppose -t + 3 + 3 = 0. Let w(f) = f**2 + 0*f**2 - f - 3*f - t. List the prime factors of w(6).
2, 3
Let p(i) = 4 + 3*i + 4 - 4*i. Let w be p(6). Let j = 7 + w. What are the prime factors of j?
3
Suppose -6*o + 62 = -4*o + 5*p, 0 = -2*o - p + 70. What are the prime factors of o?
2, 3
Let b(c) = -7*c**3 + 11 - c + 11*c**2 + 6*c**3 + 2. What are the prime factors of b(11)?
2
Let v be 4/(-14) + 204/(-21). Let d be (4/v)/(2/20). What are the prime factors of (1*-2)/(d/24)?
2, 3
Suppose 2*a - 514 = -i, 4*a + 2*i = 5*i + 1008. List the prime factors of a.
3, 5, 17
Suppose -5*r + 7 + 3 = 0. Suppose 0 = -r*f + f + 10. What are the prime factors of (f - 6/(-2))/1?
13
Let h(d) = -8*d**2 + d - 1. Let j be h(2). Let t = j - -47. List the prime factors of t.
2
Let d(j) = j - 4. Let u be d(-4). Let x = u - -28. Suppose 5*c - c = x. List the prime factors of c.
5
Let b = 11 + -11. Suppose -3*y = -l + 2*y + 32, b = 4*l - 2*y - 38. Let j = 10 + l. List the prime factors of j.
17
Let t(c) = 3*c**2 + 0*c**2 + 0*c**2 - 2. What are the prime factors of t(-2)?
2, 5
Let q = -1 - -3. List the prime factors of q.
2
Suppose -17 = t - 5*k, t - 4*k + 7 = -2*t. Suppose t*q + 2*j = -2*q + 74, 0 = 4*q + 2*j - 60. List the prime factors of q.
2, 7
Suppose -t + 14 = r, -2*r - 3*t + 24 + 5 = 0. What are the prime factors of r?
13
Let d be (-2)/(-3 - -1)*5. Suppose -d*a + 127 = -8. What are the prime factors of a?
3
Let i = 4 - 0. Suppose -i*q = -2*z - 10, 0 = -z - 2*z - q - 1. What are the prime factors of z + 13 + 6/(-3)?
2, 5
Let t = -25 + 41. Let j = t + 4. What are the prime factors of j?
2, 5
Suppose 5*x - 10 = -0*x. List the prime factors of (4/(-8))/(x/(-36)).
3
Suppose -3*d + 0*b = -b - 4, 2*b = -2*d. Suppose -2*s + 3*p = 2, d = -s - 2*p + 7. List the prime factors of s.
2
Suppose 4*i - 4*k - 40 = 0, -2*i - k + 7 = -19. List the prime factors of i.
2, 3
Suppose 0 = -5*z - 3*k + 153, 5*z + 2*k - 157 = -0*k. List the prime factors of z.
3, 11
Suppose -4*o - 3 = -3*a - 9, o + 1 = 2*a. Suppose 3*z = 2*z. Suppose 0 = a*f - z*f - 26. List the prime factors of f.
13
Let l(g) = 23*g**2 - 5*g + 5. Let c(z) = 322*z**2 - 69*z + 69. Let h(x) = 5*c(x) - 69*l(x). What are the prime factors of h(1)?
23
Let a = 22 + 15. What are the prime factors of a?
37
Let m = 10 - 5. Suppose m*x + 58 = 198. What are the prime factors of x?
2, 7
Suppose -2*u + 0*u = -18. Let y(a) = -a**2 + 10*a + 9. List the prime factors of y(u).
2, 3
Let j be -5*(0 - 6/10). Let s(x) = x**2 - j + 1 + 4*x + 4. List the prime factors of s(-4).
2
Let h = -12 - -17. Suppose -1 = -3*w + h. Suppose 5 = f, f + 39 = w*m + 2*m. List the prime factors of m.
11
Let q = 79 - 214. What are the prime factors of q/(-12) + (-2)/8?
11
What are the prime factors of (-20)/(-60)*66*1?
2, 11
Suppose 0 = 3*p - 6, d - 5*p - 117 = 27. List the prime factors of d.
2, 7, 11
Suppose -50 - 16 = 3*v. Let t = v - -34. List the prime factors of t.
2, 3
Suppose 16*y = 4*y + 1416. What are the prime factors of y?
2, 59
Let s = 118 + 92. What are the prime factors of s?
2, 3, 5, 7
What are the prime factors of (-1 - -3)*(1000/16 + -2)?
11
Let k = 14 - 10. Suppose 3*h = -0*h + 18. Suppose -5*m - k = -h*m. What are the prime factors of m?
2
List the prime factors of 40/24 - (-2)/((-12)/(-2)).
2
Let o(u) = 13*u**3 - u**2 + 19*u - 1. Let w(a) = 4*a**3 + 6*a. Let i(z) = 2*o(z) - 7*w(z). List the prime factors of i(-2).
2, 7
Suppose -4*h + p + p + 28 = 0, 3*p + 24 = 3*h. Let l(v) = 5*v + 3. What are the prime factors of l(h)?
3, 11
Suppose 0 = a - 4*a - 138. Let n = 87 + a. Suppose -4*l + 3*c + n = 0, 5*l + 3*c - 49 = 6*c. What are the prime factors of l?
2
Suppose -3*f + 9 = -3*b, 2*f - 3*b = -0*b + 6. Let j = 6 - f. Let t = 7 - j. List the prime factors of t.
2
Let g = 69 - 49. Let k = 7 + g. Suppose -3*o = -0*o - k. List the prime factors of o.
3
L